 u = 75 - 77. Let x(d) = 2*d**3 + 4*d**2 + 2*d - 1. Determine x(u).
-5
Let q(f) = f**3 + 10*f. Let d(m) = 3*m**3 + m**2 + 29*m - 1. Let o(i) = -6*d(i) + 17*q(i). Suppose -7*g + 2*g - 4*t = 9, -4*g - 4*t = 4. Give o(g).
1
Let m(p) = -p + 6. Let k be m(5). Let r(z) = 0*z + z - 2*z + k. Suppose 6 = 2*y - 4*y. Give r(y).
4
Let x(p) = -9*p + 1 + 3*p + 3*p. What is x(-2)?
7
Let u be (-3)/((-4)/(-16)*-3). Let l(r) = r**3 - 3*r**2 + r - 3. What is l(u)?
17
Let m(n) = -n - 4*n + 6*n + 0*n - n**3 + 4. Let f be 0/((3 + -1)*-1). Calculate m(f).
4
Let s(a) be the second derivative of -a**5/20 - 5*a**4/12 - 7*a**3/6 - 2*a**2 - 6*a. Let p be s(-4). Let l(f) = f**3 - 9*f**2 + 8*f + 2. Give l(p).
2
Let u(v) = -48*v + 88*v - 43*v + 0 - 1. Calculate u(2).
-7
Let j = 60 + -57. Let f(q) = -q**3 + 2*q**2 - q - 1. What is f(j)?
-13
Let a(h) be the second derivative of 7*h**2 - 1/12*h**4 - 1/6*h**3 + 6*h + 0. Determine a(0).
14
Let t be 6/(-2)*(-2)/3. Let c(j) = -1 - 7 + 4*j**t + 3*j**2 + j**3 + 0*j**3 + 4*j. What is c(-6)?
4
Let m(x) = -x - 8. Let s(n) = -1. Let c(j) = -m(j) + 2*s(j). Give c(-5).
1
Let x(v) = -v**3 + 4*v**2. Let c be (-36)/(-30)*(-15)/(-6). What is x(c)?
9
Let k(t) be the second derivative of 0*t**2 + 1/60*t**5 - 1/2*t**3 + 0 + t + 1/24*t**4. Let a(v) be the second derivative of k(v). Determine a(1).
3
Let l be 2/(-10) - (-16)/5. Let q(d) = 5*d - 4*d + 2*d**l - 3*d**3. Give q(0).
0
Let k = 3 + 0. Let y(f) = -f**2 - 4 + 2*f**2 + k*f + f**2. Let c(n) = n**2 + 3*n - 3. Let u be c(-3). Calculate y(u).
5
Let h(k) = k**2 - 5*k + k**2 + k - k**2 + 1. Determine h(5).
6
Let s(v) = 0*v - 2*v + 4*v**2 + 3*v - 1. Let t(p) = -3*p**2 - p + 1. Let z(h) = -2*s(h) - 3*t(h). Give z(-3).
5
Suppose 0*k = k - 3. Let i(j) = -5*j**2 + 4*j + 1. Let g(l) = 5*l**2 - 5*l - 1. Let x(p) = k*i(p) + 2*g(p). Determine x(-1).
-6
Let m(k) = -k**3 + 3*k**2 + 8*k - 4. Let y(o) = o**3 - 9*o**2 - 10*o + 5. Let w be y(10). What is m(w)?
-14
Let w(u) = -7. Let a(z) = z - 6. Let n(c) = -2*a(c) + 3*w(c). Calculate n(-6).
3
Suppose 4*s + 8 = 0, 5*t + 5*s = -0*t. Let w(j) = -j - t*j + 4 - 2*j + j**2 - 2*j. Calculate w(5).
-6
Let x(w) = w - 1. Let r be x(-1). Let d be 8/((-2)/(r/2)). Let t(j) be the third derivative of j**4/12 - j**3/3 - 2*j**2. Give t(d).
6
Suppose 2 + 1 = -3*z - l, 0 = 5*l. Let s = 5 - z. Let d(i) = 5*i - 4. Let u(v) = 11*v - 9. Let y(w) = -9*d(w) + 4*u(w). Give y(s).
-6
Let v(r) be the second derivative of -r**5/20 - r**4/6 + r**2/2 + 3*r. Calculate v(-1).
0
Let o(g) = g**3 + g - 4. Let l = 0 - -2. Let u(k) = k**2 + 3*k**l + 6*k - 5*k**2. Let t be u(6). Give o(t).
-4
Let s(h) = -h**3 + h**2. Let w be -1 - -3 - (-1 - -10). Let m = w + 7. Calculate s(m).
0
Let x(m) = -m**2 - 6*m - 6. Suppose 0 = 4*c + 5*i + 14, 1 = -c + 2*i - 9. Calculate x(c).
-6
Let y be 2/2*(1 + 2). Suppose 9*j = g + 4*j + 15, y*j - 9 = 3*g. Suppose m = c + 4, g*c = -c. Let q(n) = n**3 - 3*n**2 - 6*n + 6. Determine q(m).
-2
Let b(c) be the first derivative of c**3/3 + 3*c**2/2 + 30. Determine b(-2).
-2
Let u(x) = x**2 - x**3 + 6*x**3 - 3*x - 2 - 2*x**3. Let v be (-4)/(-6) + 32/(-12). Give u(v).
-16
Let y be -1*(1/(-1))/1. Let o(x) = -y + 4 + 5 + x - 6*x**2. Let v(g) = -5*g**2 + g + 7. Let q(f) = 6*o(f) - 7*v(f). What is q(0)?
-1
Let f(j) be the third derivative of -j**8/6720 + j**7/360 + j**6/72 - 11*j**5/120 - j**4/6 - j**2. Let d(c) be the second derivative of f(c). Determine d(8).
5
Let c(x) = x**3 + 4*x**2 + 2*x. Let p(d) = d**3 + 5*d - 3*d - 4*d**2 + 6*d**2. Let j be p(-2). Calculate c(j).
-8
Let q(p) be the first derivative of p**2 + 2*p + 5. Calculate q(-6).
-10
Suppose -m + 4 = -5. Let o be (m/(-3) - -2) + 1. Let r(g) = -1 + g + o*g - 4*g. What is r(1)?
-4
Let f(z) = 2 - 8*z - 1 - 2. Suppose m - 7 = -5*h, -5*h + m = -4*h + 1. Determine f(h).
-9
Let q(p) be the second derivative of p**4/24 - 2*p**3/3 - 2*p**2 - 4*p. Let d(z) be the first derivative of q(z). Give d(7).
3
Let c(b) be the first derivative of 5/3*b**3 + 8*b + 1/4*b**4 - 5/2*b**2 - 6. Determine c(-6).
2
Suppose w = 4 + 2. Let r(o) be the second derivative of -o**5/20 + 5*o**4/12 + 2*o**3/3 + 3*o**2 - 2*o. Calculate r(w).
-6
Let t(h) = 35 - 31 - 2*h**3 + 7*h + 6*h**2 + 3*h**3. Give t(-4).
8
Suppose j - 20 = -20. Let b(k) = k**3 + k**2 - k - 14. Give b(j).
-14
Let n(l) = l**3 + 12*l**2 + 11*l + 4. Let g be n(-11). Let v(b) = b**2 - 4*b - 5. What is v(g)?
-5
Let z(q) be the first derivative of 2*q**2 - 2*q**2 + q**2 + 0 - 5*q - 2. Determine z(4).
3
Let f(i) be the first derivative of i**4/4 + 4*i**3/3 - 3*i**2 + 3*i - 5. What is f(-5)?
8
Let j be 12/5 - (-2)/(-5). Let t(v) be the second derivative of v**5/20 - v**4/6 + v**3/6 + v**2 + 19*v. Determine t(j).
4
Let l be (-1)/(-5) - 45/(-25). Suppose l*o - 1 = 1. Let a(k) = -k**3 + 2*k - 1. Calculate a(o).
0
Let r(o) be the second derivative of o**5/20 + o**2/2 - 2*o. Determine r(1).
2
Let s(u) = -2*u - 1. Let q(o) = o**2 - 8*o - 12. Let t be q(9). What is s(t)?
5
Let g = 3 + -5. Let h(u) = -7*u**2 + 11*u + 6. Let c(x) = 0*x - 2 - 5*x + 3*x**2 - 1. Let y(a) = g*h(a) - 5*c(a). What is y(-2)?
-7
Let y(i) = i**2 + i. Let k(u) = -6*u**2 - 7*u. Let a(w) = -2*k(w) - 14*y(w). Let b(c) = c**2 - 15*c + 1. Let z be b(15). Determine a(z).
-2
Let m(l) = l**2 - 6*l - 1. Let h(u) = -2*u**3 - 3. Let o be h(-2). Let n = 20 - o. Give m(n).
6
Let s(n) = -n**3 - 5*n**2 - 6*n - 2. Let t(x) be the first derivative of x**4/2 + 10*x**3/3 + 6*x**2 + 5*x + 3. Let d(z) = 5*s(z) + 3*t(z). Determine d(-4).
-3
Suppose 2*v = -0*v. Suppose -2*t + v*t - f = -3, -3 = 5*t - f. Let h(g) = -g**3 + g**2 + g - 6. What is h(t)?
-6
Let s = -104 + 101. Let f(x) = -3*x**2 + 3. Calculate f(s).
-24
Suppose a + 8 = 3*a. Let u(b) = -b**3 + 4*b**2 - b + 2. Determine u(a).
-2
Let k(h) = -h - 1. Let o(p) = -2*p - 6. Let m(x) = -3*x - 2. Let c be m(-2). Let t(q) = c*k(q) - o(q). Calculate t(6).
-10
Let m be 7 + 2/(-2)*2. Let j = m - 10. Let k(u) be the third derivative of u**5/60 + u**4/6 - u**3/3 - 3*u**2. Give k(j).
3
Let s be 11 + -10 + (-1)/(-1). Let v(p) = p**3 - p**2 - p - 2. Calculate v(s).
0
Suppose -5*s - 71 = -56. Let h(p) = -5*p - 10. Let c(u) = -6*u - 11. Let g(b) = -4*c(b) + 5*h(b). Determine g(s).
-3
Let l(i) = -i**3 - i**2 - 2*i - 1. Let a(y) = -y + 5. Let m be a(0). Suppose 3*g - 1 = -m*q - 17, 10 = -2*q - 3*g. What is l(q)?
7
Let b be 0 + (0 + -1 - 2). Let i(t) = -30*t**2 + 11*t**2 - 1 + 18*t**2. Give i(b).
-10
Let m(s) = s - 1. Let h(j) be the first derivative of j**2/2 + 4*j - 1. Let w(f) = h(f) - 2*m(f). What is w(3)?
3
Let w(q) = -q**2 - 3*q - 1. Let d(g) = -g**3 + 2*g**2 - 3*g + 2. Let v be d(2). What is w(v)?
-5
Let v(c) be the third derivative of 0*c + 1/3*c**4 + 2*c**2 + 1/6*c**3 + 0 + 1/60*c**5. Calculate v(-7).
-6
Let y(v) = 14*v + v**2 + 21*v + 3 - 41*v. Calculate y(4).
-5
Let i(z) = 2*z - 6. Let s(d) = -1. Let b(r) = i(r) - 4*s(r). What is b(6)?
10
Suppose 3*n - 3 = 6. Let h(u) = -u**2 + 2*u - 1. Give h(n).
-4
Let m(s) = -s**3 - 5*s**2 + 4*s - 8. Let p(t) = -2 - t**2 + 4*t + 0*t**2 - 2*t**2 + t**3. Let w be p(4). Suppose w = -z - 4*z. Give m(z).
4
Let l(f) = f**2 - 4*f - 1. Let o be 0 + 3 + -1 + 0/(-18). Give l(o).
-5
Let p(s) = -s**3 + 6*s**2 - 6*s + 6. Let i be p(5). Let z(k) = 2*k + 13*k**2 - 18*k**2 + 10*k**2 + i. What is z(-1)?
4
Suppose 0 = -r + 5*r + 20. Let y(w) be the third derivative of 0*w + w**2 - 1/4*w**4 - 5/6*w**3 + 0 - 1/60*w**5. Determine y(r).
0
Let p(l) = 3*l + 4. Let t = -3 - -3. Let w = -4 + t. Determine p(w).
-8
Let w(i) = -3*i**3 + 15*i**2 - i - 1. Let f be 4/1*9/18. Let b(u) = u**3 - 7*u**2. Let l(y) = f*w(y) + 5*b(y). What is l(-5)?
8
Let o be (-26)/(-4) - (-2)/(-4). Let l(z) be the third derivative of 0*z + 0 - 7*z**2 + 1/6*z**3 - 1/60*z**5 + 1/4*z**4. What is l(o)?
1
Let f(d) be the first derivative of 4*d**3/3 - 5*d - 7. Let g(b) be the first derivative of f(b). Determine g(-1).
-8
Let o be 8/12*1*12. Let j(r) = r**2 - 8*r + 4. Let w be j(o). Let i(u) = u**2 - 3*u + 5. Give i(w).
9
Let p(r) = 2*r**3 + 3*r**2 + 3*r + 3. Let a be (6/(-1))/(3/(-2)). Let q(j) = 2*j - 3. Let s be q(3). Suppose a*o - s*w = -17, 1 = 4*o + w + 2*w. Give p(o).
-7
Suppose -43 = -5*m - 4*d, 2*m + 20 = 4*m + 3*d. Let u(v) = -v + 6. Give u(m).
-1
Let i(b) = -b**2 + 3*b + 1. Let o = 25 - 15. Let c = o + -7. What 